) be the second derivative of -q**5/20 + 4*q**4/3 - 7*q**3/3 - 17*q**2/2 + 15*q - 395. Determine g(h).
-2
Let g(h) = h**2 - 6*h + 1. Suppose 2*j - 5*d - 83 = -13, -12 = -3*d. Let o = j + -37. Give g(o).
17
Let y(r) = 138*r - 52. Let s(x) = 64*x - 25. Let o(w) = 13*s(w) - 6*y(w). Determine o(4).
3
Let g = -6623 - -6608. Let a(b) = -8*b - 114. What is a(g)?
6
Suppose -20 = -13*j + 84. Suppose 2*u = -j*u + 10. Let z(x) = 8*x**2 - u - x**3 - 7*x - 8 + 2*x**2 + 0*x**2. Give z(9).
9
Let y(m) = -9*m + 13. Suppose -3*h - 75 = 12*h. Let n(q) = -6*q + 7. Let c(f) = h*n(f) + 3*y(f). Determine c(-3).
-5
Let x(z) = 3*z**2 - 52*z - 91. Suppose 40 = -5*m + 5*v + 145, v = -2*m + 36. Determine x(m).
4
Let l(b) = 2527 + 10*b - 2537 - 8033*b**2 + 8032*b**2. Let u = 1 + 1. Let f be 29/4 - u/8. Calculate l(f).
11
Let o(p) be the first derivative of -p**2 - 4*p - 1. Suppose -4*r = s - 0*s - 45, 4*r + 3*s - 39 = 0. Suppose -2*m - r = -3*g, -m - 10*g - 6 = -11*g. Give o(m).
8
Suppose 36*y - 38*y = -6. Let l(i) = -13*i**2 + 57*i - 135*i + 56*i - 2 - i**y. Determine l(-11).
-2
Let t(l) = -l**2 - 9*l + 8. Let q(b) = b - 5. Let z(h) = h**3 + 7*h**2 + 6*h + 37. Let c be z(-7). Let v be q(c). Give t(v).
-2
Let o(x) = 14*x - 140. Let j = -8223 - -8234. Calculate o(j).
14
Suppose 66 + 12 - 23 = 5*n. Let j(v) be the second derivative of 0 - v**2 - n*v - 5/6*v**3. Give j(-2).
8
Let x(j) = 3*j**2 + 0*j - 5*j**2 + 4*j + 6*j**2. Calculate x(-3).
24
Let q = 6 + -1. Let y(r) = r**2 - 16*r + 2. Let f be y(0). Let n(v) = -3*v + f + q*v - 10*v + 3*v. What is n(2)?
-8
Let k(a) = -292*a**2 - 71*a + 170. Let t(u) = -33*u**2 - 8*u + 19. Let l(j) = 6*k(j) - 53*t(j). What is l(4)?
-43
Let h(z) = 1 - 27*z**2 - 8 + 4*z**3 + 43*z**2 - 2*z - 5*z**3. Give h(16).
-39
Let w(f) = -f. Let i(z) = 7*z. Let h(u) = -i(u) - 6*w(u). Let d be 35/(-15) - 104/39. Let o(q) = -q**2 - 5*q + 1. Let g(t) = d*h(t) + o(t). Give g(1).
0
Let n(k) = -154 + 28 + 4*k + 73. Calculate n(12).
-5
Let m(y) = 3*y + 9. Let l(n) = 2*n**2 - 154*n + 156. Let b be l(76). Let s(a) = 5*a - 4 + 14 + 7. Let t(x) = b*s(x) - 7*m(x). What is t(5)?
0
Suppose -4*i = n - 3 - 7, -4*i = -4*n. Let r(h) = -6*h + 1 + i + 0*h. Suppose 884*s + 143*s - 379 = 1675. Calculate r(s).
-9
Let l(r) be the third derivative of -155*r**2 - 5/12*r**4 - 1/60*r**5 + 0 + 0*r - 5/3*r**3. What is l(-7)?
11
Suppose 5*o - 34 = -3*z, 0 = -3*o - 40*z + 37*z + 18. Let m(i) = i**3 - 7*i**2 - 8*i + 7. What is m(o)?
7
Let d(o) = o + 5. Let u = 1257 + -335. Let g = u + -917. Calculate d(g).
10
Let b = 51 + -68. Let n(i) be the first derivative of i**3/3 + 9*i**2 + 24*i - 1479. Calculate n(b).
7
Suppose 0 = f + 216*u - 219*u + 11, -5 = f - u. Let p(a) = -42*a**2 + 22*a**2 + 4*a + 2 - 4*a**3 + 2*a**3 + 19*a**2. What is p(f)?
6
Let t(b) = -b**2 + 3*b. Suppose -10*c + 3*z = -6*c + 16, -5*c + 4*z - 20 = 0. Let n be (-4)/(c + (-18)/(-6)). Calculate t(n).
-4
Let j(d) = d**2 + 11*d - 77. Let l be j(-16). Suppose 10 = -5*m + l*m. Let h(r) = 4*r + 14. Calculate h(m).
-6
Suppose -18 = -320*g + 323*g. Let r(j) = -j**2 - 3*j + 23. What is r(g)?
5
Let d(w) be the first derivative of -w**4/4 + w**2/2 + 2*w + 1345. Suppose b + b - 26 = 0. Suppose -2 = -5*g + b. Give d(g).
-22
Let s(n) = n**3 + 7*n**2 - 2. Suppose 27*g - 121 - 392 = 0. Suppose 7*p - 2*p + g = 4*w, 0 = -p - 5*w - 27. Calculate s(p).
-2
Let a(x) = -6*x - 1. Let l(u) = -13*u - 3. Let m(t) = -7*a(t) + 3*l(t). Suppose 0 = 15*r - 610 + 565. Give m(r).
7
Let u(v) = -21*v - 78 + 70*v - 32*v - 153 + 15. What is u(13)?
5
Suppose 4*g - 13 - 7 = 0. Suppose -4*d = -g*d + 8. Let m(v) = 198128 + 198118 - 396253 + v. What is m(d)?
1
Let s(x) = -31*x**3 - 2*x**2 - 2*x. Let o(y) = -48*y + 527. Let g be o(11). Determine s(g).
31
Let s be 8 + -5 + 46*5/10. Suppose 4*i + z + s = 0, -8*i - z - 12 = -6*i. Let l(h) be the first derivative of -h**2/2 - h + 1. Determine l(i).
6
Let y be (-11 + -1)*(-42)/(-126). Let c be 3*2/y*(-8)/(-12). Let m(r) = 2*r**3 + r**2 + r. Give m(c).
-2
Let z(x) = 22*x - 14. Let q(o) = -40*o + 27. Let r(s) = 4*q(s) + 7*z(s). Let h(g) = 14*g - 22. Let i(y) = -2*h(y) - 5*r(y). Determine i(7).
8
Let z(u) = 2*u + 0*u - 6 - u**2 + u**3 + 8 - 5. Let y = 66 + -20. Let d = y + -43. What is z(d)?
21
Let g(z) = z**3 + 2*z**2 - z + 2. Let d(k) = 59*k - 3. Suppose 0 = 4*s, -2*r - 5 + 5 = 5*s. Let v be d(r). Calculate g(v).
-4
Let g(b) = b**2 + b - 3. Let d(q) = 6*q**2 + 3*q - 24. Let n(t) = d(t) - 5*g(t). Let s be n(3). Let l(m) = m**3 + 7*m**2 + 3*m - 8. Determine l(s).
10
Let g(c) = 6*c + 1. Let y(v) = 36*v + 6. Let b be y(3). Let k(a) = -2*a**2 + 14*a + 1. Let f be k(12). Let u = f + b. What is g(u)?
-29
Let j(z) = -z**2 - 13*z - 21. Let v be j(-2). Let x(b) = 2*b**2 - 2*b + 1. Let g(y) = -2*y**2 + 2*y - 1. Let r(m) = -4*g(m) - 3*x(m). What is r(v)?
1
Let c(t) = -2*t**2 - t + 2. Let w be (-1750)/3 - (-10)/(-15). Let k = -582 - w. What is c(k)?
-8
Let q(b) = -b**3 + 2*b - 49. Suppose 1561*i - 1587*i = -0 - 0. Give q(i).
-49
Let n(l) be the first derivative of -l**4/4 - 10*l**3/3 - l**2/2 + l - 184. Calculate n(-10).
11
Let v(d) be the third derivative of d**5/60 - 5*d**4/8 + d**3/6 + 2*d**2 + 110*d + 5. Calculate v(15).
1
Let y = -1193 - -1195. Let l(i) be the second derivative of i**5/20 - i**4/2 + 2*i**3/3 - 3*i**2/2 - 37*i. What is l(y)?
-11
Let a(d) = 3*d. Suppose 7*t - 13*t = -84. Let b(s) = t - 8 + 2*s + 8. Let u be b(-8). Give a(u).
-6
Let m(y) = y**2 - 4*y - 2. Let k(n) = -n**3 - 4*n**2 - 7*n - 7. Suppose -9*q + 11 = 38. Let p be k(q). Give m(p).
3
Suppose -10*i = -8 + 38. Let b(h) = 4*h**2 - 13*h - 19. Let c(o) = 2*o**2 - 12*o - 16. Let p(w) = i*c(w) + 2*b(w). What is p(-7)?
38
Let i(t) = -20*t**2 - 70*t + 7. Let p(s) = 31*s**2 + 109*s - 11. Let g(j) = 14*i(j) + 9*p(j). Let y = 4 + -2. Give g(y).
-3
Let s be 5 - (-2 - (-7 - -1)). Let w(i) = -34*i**2 - 4*i - 1. Let f(y) = -2*y**2 + 2*y + 1. Let z(o) = -2*f(o) - w(o). Give z(s).
37
Let h(t) = -t - 2. Let f(l) = l. Let k(z) = -12*z - 6. Let b(c) = -20*f(c) - 2*k(c). Let p(r) = b(r) + 3*h(r). Let i be 2/6 - 22/3. Determine p(i).
-1
Let o(s) = 16*s**2 - s - 2. Suppose 4*i + 2*n = -14, -2*i + 2 + 11 = -3*n. What is o(i)?
15
Let i(u) = -21*u**3 - 14*u**2 - 6*u + 25. Let s(c) = 37*c**3 + 26*c**2 + 11*c - 47. Let k(b) = 7*i(b) + 4*s(b). Determine k(-5).
2
Let n = 160 + -148. Suppose 0 = -5*r - f - n - 11, -5*r - 26 = 2*f. Let t(z) = z**2 + 3*z + 4. What is t(r)?
8
Let x(q) = q**3 + 10*q**2 + 9*q + 1. Let i = -86 - -87. Let s(o) = -4*o**3 + 2*o**2 + 2*o - 3. Let a be s(i). Let t be (0 + -9)/(a + 4). Calculate x(t).
1
Suppose 0 = 2*l - 62*l + 80 - 440. Let h(d) = -23*d - 142. Determine h(l).
-4
Let p(u) = -9 + u**3 - 2 + 0 + 5*u**2 + 61183*u - 61187*u. Calculate p(-3).
19
Let f be (-2)/24 + (-525)/(-252). Let i(a) = 204*a**3 + 5 - 3*a**f + a - 3*a**2 - 205*a**3. Give i(-6).
-1
Let g be 1/(-4) + 187/44. Suppose 2 - g = 2*q - 3*y, 0 = q - 2*y. Let d(p) = -2*p + 2 - 3*p**2 + 4*p**2 + 8*p. Calculate d(q).
-6
Let d(y) = -2*y**2 - 7*y - 10. Let b(i) = -5*i**2 - 18*i - 23. Let s(g) = 3*b(g) - 7*d(g). What is s(-4)?
5
Let w(i) = 5*i**2 + 2*i - 1. Let l(g) = -23*g + 729. Let x be l(35). Let j(o) = 19*o + 1. Let s be j(4). Let v = x + s. Calculate w(v).
6
Let w(f) = 0*f + 2*f - 3*f. Let g = -257 + 256. Let a be (-6)/g*14/21. What is w(a)?
-4
Let a(u) be the first derivative of u**3 - 17*u**2 + 30*u + 5767. Give a(10).
-10
Let m(l) = -l**3 + 8*l**2 + 4*l - 14. Let s be 6 - 0 - (18 + -34 + 16). Give m(s).
82
Let a be 50/8 - (-3)/(-12) - 3. Let v(h) be the second derivative of -1/12*h**4 + 0*h**2 + 0 - 5*h + 1/3*h**3. What is v(a)?
-3
Let o(t) = -t**2 - 7*t + 4. Suppose 63*x = 62*x + 115. Suppose 0 = -p + 120 - x. Suppose 3*a = -p*u - 35, u + u - 5*a = -14. Determine o(u).
4
Suppose -143 = 22*v - 627. Suppose 4*m - 5*r - 17 = 0, -2*m = -25*r + v*r - 9. Let l(d) = -d**3 + d**2 + 4*d - 1. Determine l(m).
-7
Suppose 5*w + 4*v + 1213 = 0, 2*v = 4*w + 1109 - 123. Let h = w - -250. Let g(p) = -p**3 + 4*p**2 + p + 4. Give g(h).
-16
Suppose 100 + 58 = 158*x. Let z(b) = b + 3. Let v(s) = 6*s + 14. Let n(l) = -3*v(l) + 14*z(l). Determine n(x).
-4
Let a(t) = 7*t**2 - 61*t + 9. Let r be a(9). Let d(o) = 1 + 14 - 20 - o - r - 15. What is d(0)?
-47
Suppose 37*w - 29*w + 608 = 0. Let n = 81 + w. Let o(a) 